, 127, 233
What are the prime factors of 468223?
7, 66889
List the prime factors of 237811.
7, 53, 641
What are the prime factors of 120210?
2, 3, 5, 4007
What are the prime factors of 293952?
2, 3, 1531
What are the prime factors of 240386?
2, 120193
List the prime factors of 113455.
5, 22691
What are the prime factors of 810596?
2, 37, 5477
List the prime factors of 12224143.
103, 118681
List the prime factors of 1605983.
659, 2437
List the prime factors of 6450203.
127, 50789
What are the prime factors of 550419?
3, 183473
What are the prime factors of 1725597?
3, 79, 809
List the prime factors of 10694133.
3, 396079
What are the prime factors of 474755?
5, 94951
List the prime factors of 26409785.
5, 281, 18797
List the prime factors of 229202.
2, 114601
What are the prime factors of 779909?
13, 17, 3529
List the prime factors of 368164.
2, 92041
List the prime factors of 164213.
7, 23459
What are the prime factors of 937782?
2, 3, 53, 983
List the prime factors of 16958.
2, 61, 139
What are the prime factors of 23716426?
2, 31, 179, 2137
What are the prime factors of 301840?
2, 5, 7, 11
What are the prime factors of 227150?
2, 5, 7, 11, 59
What are the prime factors of 9195897?
3, 3065299
List the prime factors of 847338.
2, 3, 141223
What are the prime factors of 585666?
2, 3, 32537
What are the prime factors of 603543?
3, 23, 8747
What are the prime factors of 35583?
3, 29, 409
List the prime factors of 14641774.
2, 7, 1045841
List the prime factors of 17239382.
2, 1741, 4951
List the prime factors of 3084103.
11, 280373
What are the prime factors of 229467?
3, 7, 223
List the prime factors of 8665527.
3, 13, 222193
List the prime factors of 15671061.
3, 7, 41, 6067
List the prime factors of 11185249.
11185249
List the prime factors of 249055.
5, 49811
What are the prime factors of 3005801?
23, 130687
List the prime factors of 24184787.
11, 2198617
What are the prime factors of 5031928?
2, 11, 211, 271
What are the prime factors of 324511?
11, 29501
List the prime factors of 7865709.
3, 2621903
What are the prime factors of 21290?
2, 5, 2129
List the prime factors of 1268505.
3, 5, 7, 4027
What are the prime factors of 23423079?
3, 2161, 3613
What are the prime factors of 266540?
2, 5, 13327
List the prime factors of 363334.
2, 181667
List the prime factors of 257679.
3, 28631
What are the prime factors of 195013?
7, 13, 2143
List the prime factors of 358653.
3, 119551
List the prime factors of 36128.
2, 1129
What are the prime factors of 6752046?
2, 3, 7, 373, 431
List the prime factors of 255930.
2, 3, 5, 19, 449
What are the prime factors of 36744?
2, 3, 1531
List the prime factors of 378908.
2, 94727
List the prime factors of 267496.
2, 29, 1153
What are the prime factors of 3000140?
2, 5, 11, 13, 1049
List the prime factors of 26608441.
26608441
List the prime factors of 757614.
2, 3, 11, 13, 883
What are the prime factors of 483464?
2, 223, 271
List the prime factors of 2015449.
439, 4591
List the prime factors of 118650.
2, 3, 5, 7, 113
List the prime factors of 3826932.
2, 3, 318911
List the prime factors of 6731.
53, 127
List the prime factors of 363900.
2, 3, 5, 1213
What are the prime factors of 665958?
2, 3, 17, 6529
What are the prime factors of 8406482?
2, 7, 600463
What are the prime factors of 234889?
17, 41, 337
List the prime factors of 536625.
3, 5, 53
What are the prime factors of 1253207?
643, 1949
What are the prime factors of 13547834?
2, 6773917
List the prime factors of 11739353.
71, 165343
List the prime factors of 254288.
2, 23, 691
What are the prime factors of 99972?
2, 3, 2777
What are the prime factors of 9085160?
2, 5, 7, 71, 457
List the prime factors of 1124906.
2, 337, 1669
List the prime factors of 2414108.
2, 47, 12841
List the prime factors of 1465340.
2, 5, 41, 1787
What are the prime factors of 277747?
277747
List the prime factors of 8723071.
7, 19, 65587
What are the prime factors of 1387131?
3, 462377
List the prime factors of 1359207.
3, 50341
What are the prime factors of 281487?
3, 101, 929
List the prime factors of 3160797.
3, 29, 47, 773
What are the prime factors of 245775?
3, 5, 29, 113
List the prime factors of 435226.
2, 11, 73, 271
What are the prime factors of 139592?
2, 17449
List the prime factors of 350426.
2, 83, 2111
List the prime factors of 859551.
3, 7, 11, 61
List the prime factors of 27530.
2, 5, 2753
What are the prime factors of 3742641?
3, 7, 59407
What are the prime factors of 2410941?
3, 13, 61819
What are the prime factors of 596254?
2, 31, 59, 163
What are the prime factors of 318129?
3, 7, 15149
List the prime factors of 152883.
3, 16987
List the prime factors of 7085427.
3, 2361809
List the prime factors of 1221790.
2, 5, 17, 7187
What are the prime factors of 133315?
5, 7, 13, 293
What are the prime factors of 33027?
3, 101, 109
What are the prime factors of 612818?
2, 131, 2339
What are the prime factors of 580125?
3, 5, 7, 13, 17
What are the prime factors of 209480?
2, 5, 5237
List the prime factors of 1026962.
2, 513481
List the prime factors of 458543.
458543
List the prime factors of 157249.
67, 2347
List the prime factors of 1778367.
3, 29, 20441
What are the prime factors of 2161523?
7, 13, 23753
List the prime factors of 4437778.
2, 293, 7573
List the prime factors of 88757.
17, 23, 227
List the prime factors of 45772.
2, 11443
List the prime factors of 13452665.
5, 19, 29, 257
What are the prime factors of 10887692?
2, 853, 3191
What are the prime factors of 3260960?
2, 5, 89, 229
What are the prime factors of 8229266?
2, 61, 67453
What are the prime factors of 1378905?
3, 5, 11, 61, 137
What are the prime factors of 408497?
408497
List the prime factors of 117899.
117899
What are the prime factors of 104775?
3, 5, 11, 127
List the prime factors of 24575706.
2, 3, 683, 1999
What are the prime factors of 173858?
2, 86929
What are the prime factors of 1712090?
2, 5, 19, 9011
List the prime factors of 1464350.
2, 5, 29287
List the prime factors of 26239120.
2, 5, 73, 4493
List the prime factors of 136423.
7, 19489
What are the prime factors of 41635973?
19, 181, 12107
What are the prime factors of 6471268?
2, 1617817
List the prime factors of 18770.
2, 5, 1877
What are the prime factors of 26512033?
26512033
List the prime factors of 859905.
3, 5, 97, 197
List the prime factors of 2912051.
2912051
What are the prime factors of 473208?
2, 3, 19717
What are the prime factors of 177228?
2, 3, 547
What are the prime factors of 3189638?
2, 1594819
What are the prime factors of 422612?
2, 105653
What are the prime factors of 43115?
5, 8623
What are the prime factors of 1837657?
1837657
List the prime factors of 11934347.
773, 15439
What are the prime factors of 627810?
2, 3, 5, 17, 1231
What are the prime factors of 1909218?
2, 3, 318203
What are the prime factors of 4792043?
787, 6089
List the prime factors of 1073119.
173, 6203
List the prime factors of 142247.
7, 2903
What are the prime factors of 4907823?
3, 41, 39901
What are the prime factors of 7645083?
3, 2548361
What are the prime factors of 3182946?
2, 3, 13, 43, 73
List the prime factors of 3695416.
2, 607, 761
What are the prime factors of 1087558?
2, 17, 29, 1103
What are the prime factors of 676414?
2, 338207
What are the prime factors of 16528356?
2, 3, 13, 35317
List the prime factors of 17404297.
241, 257, 281
What are the prime factors of 5048574?
2, 3, 79, 10651
What are the prime factors of 5887884?
2, 3, 37, 89, 149
What are the prime factors of 2018574?
2, 3, 29, 1289
List the prime factors of 4295294.
2, 227, 9461
List the prime factors of 198072.
2, 3, 7, 131
List the prime factors of 2542350.
2, 3, 5, 17, 997
What are the prime factors of 7994760?
2, 3, 5, 17, 3919
What are the prime factors of 217407?
3, 72469
What are the prime factors of 63208?
2, 7901
List the prime factors of 1133689.
1133689
What are the prime factors of 1489787?
13, 114599
List the prime factors of 272059.
272059
What are the prime factors of 6128564?
2, 13, 19, 6203
What are the prime factors of 1064319?
3, 17, 41, 509
List the prime factors of 212792.
2, 67, 397
List the prime factors of 568623.
3, 11, 17231
What are the prime factors of 51401?
7, 1049
List the prime factors of 102160.
2, 5, 1277
List the pr